4*v - 22 = 0, 561*v - 562*v = -4*q + 40. What is the highest common divisor of u and q?
13
Suppose 3*z = -5*m + 4*z + 514, -294 = -3*m - 3*z. Suppose -878 = -70*l + m. Let y be (0 + -2)/(1/(-14)). Calculate the highest common factor of l and y.
14
Let m(q) = -q**2 + 26*q + 4. Let n be m(26). Suppose 0 = x - 1, n*c - 108 = 3*x - 7*x. Calculate the greatest common divisor of 6 and c.
2
Suppose 2*l - 178 = -168. Suppose 3*b - l*c - 191 = -16, 5*b - 317 = 2*c. Calculate the highest common divisor of b and 5.
5
Suppose u - 5*i = 104, 3*u - 7*u = 4*i - 296. Calculate the highest common factor of u and 1264.
79
Let p = -360 - -484. Suppose -17*k = -362 + p. Suppose 0*l = 4*l + 4*d - 540, -305 = -2*l + 5*d. Calculate the highest common factor of k and l.
14
Let w = -30698 + 30878. Calculate the greatest common divisor of 50 and w.
10
Let j = -72 - -76. Suppose 5*q - 136 = -3*m, j*m - 59 = -4*q + 117. What is the highest common divisor of m and 42?
42
Let x = 370 + -360. Suppose x*w - 68 + 18 = 0. What is the highest common divisor of 35 and w?
5
Let t = -133 + 138. Suppose -t*d - 3*w + w = -395, -2*d - 3*w = -169. What is the greatest common factor of d and 55?
11
Let c be 27/1 - 0/(24/(-4)). Suppose -21*h + c*h - 690 = 0. What is the greatest common divisor of 92 and h?
23
Let g = -11455 + 11735. Calculate the highest common factor of g and 520.
40
Suppose 1580*p - 1578*p - 110 = 0. Suppose 48*r + 728 = p*r. What is the greatest common factor of 8 and r?
8
Let y be -174 + (-1)/4*(18 + -6). Let z be y/(-18) + (-2)/(-60)*5. What is the highest common factor of 370 and z?
10
Let q = -37153 - -37333. What is the highest common divisor of q and 1494?
18
Let f = -1225 - -1285. Let t = -8 - -8. Suppose -8*w + 3*w + 200 = t. What is the greatest common factor of f and w?
20
Suppose 0 = -14*g + 383 + 2053. Suppose 12 = 31*p - g. Let v(b) = 2*b**2 + b - 3. Let m be v(-5). What is the greatest common divisor of p and m?
6
Suppose 4*n - 15670 = 2*n - f, 0 = 4*n - 2*f - 31348. Calculate the highest common factor of n and 12.
12
Let j(t) = 0*t**3 + 3*t**3 - 36 + 3*t + 138*t**2 - 246*t**2 - 22. Let q be j(36). Calculate the highest common factor of 450 and q.
50
Let d be (0/4 - -2)*(4 - 0). Suppose 0 = 9*x + d*x - 255. What is the highest common factor of x and 45?
15
Suppose 25 = 5*p, -3*k - p + 17 + 18 = 0. Suppose -9*l + 13*l = -1336. Let o = -330 - l. Calculate the highest common factor of k and o.
2
Let v = 7484 + -6799. What is the highest common divisor of v and 5?
5
Suppose 158844*p + 507873 = 158887*p. What is the highest common divisor of 465 and p?
93
Suppose -y = -2*f + f + 35, 5*y + 19 = f. Let k = -181 - -196. Let i be (-25402)/(-390) - (32/k + -2). Calculate the highest common factor of f and i.
13
Let l(x) = x - 2. Let i be l(-4). Let g(u) = 2*u**2 + 10*u + 9. Let n be g(i). Let m = -48286 - -48349. Calculate the highest common divisor of n and m.
21
Let y(o) = o**3 - 16*o**2 + 28*o - 8. Let j be y(14). Let c(d) = -33*d - 227. Let w be c(j). What is the highest common factor of 370 and w?
37
Let l(j) = j**2 + 5*j - 6. Let t be l(4). Suppose -6072 - 7131 = -27*f. Let o = f + -479. Calculate the greatest common divisor of o and t.
10
Suppose 15*s + 35*s - 113886 = -4*s. Calculate the greatest common divisor of 57 and s.
57
Suppose -w = -8*w + 21. Suppose -w*n - 3 + 18 = 0. Suppose -g - 364 = -n*g. Calculate the greatest common factor of g and 13.
13
Suppose 64*l = 14*l + 900. Calculate the greatest common factor of l and 2718.
18
Let v(k) = -3*k**3 - 19*k**2 - 41*k - 10. Let s be v(-4). What is the greatest common divisor of s and 162?
6
Let b be -2 - (-34 - 0/1). Let y(w) = -59*w + 305. Let d be y(19). Let i = d - -864. What is the greatest common divisor of b and i?
16
Let w be 198/4*(288 + -286). What is the greatest common divisor of w and 1859?
11
Let p(s) = -7*s**2 + 105*s + 22. Let f be p(15). What is the highest common factor of f and 1925?
11
Let u(y) = 2*y**3 - 4*y**2 - 17. Let g(l) = -3*l**3 + 5*l**2 + 18. Let s(j) = -3*g(j) - 4*u(j). Let r be s(0). What is the greatest common factor of r and 42?
14
Suppose -3*d + 4*d - 5*d = 0. Suppose -s + 84 = 4*y + 2*s, d = 4*s. Calculate the greatest common divisor of y and 420.
21
Let u(v) = 114*v + 3882. Let d be u(-33). What is the highest common factor of d and 765?
15
Suppose 0 = -3*r + 2*u - 1484, 0 = 151*u - 149*u + 10. Let k = -459 - r. What is the highest common divisor of 117 and k?
39
Suppose 0 = 4*j - 208 + 584. Let t = j - -192. Let y = -4 + 32. Calculate the greatest common factor of y and t.
14
Let b(r) = -27*r - 110. Let s be b(-10). Suppose s = 13*t - 61. What is the highest common factor of t and 221?
17
Let z = 209 - 210. Suppose 0 = -f - f - 4. Let l be 4*(12/6)/(f/z). Calculate the greatest common factor of 2 and l.
2
Let z = 38706 + -38692. Let d(a) = 3*a**2 + a + 1. Let r be d(-1). Suppose 0 = h + r*m - 38, h + m - 36 = -0. What is the highest common divisor of h and z?
7
Let p be 117/13 + (-2685)/(1 - 6). Calculate the greatest common factor of 442 and p.
26
Let d(b) = 51*b**2 - 317*b - 1902. Let f be d(-6). Calculate the highest common factor of 540 and f.
108
Let v = -12357 + 20603. What is the highest common factor of 532 and v?
266
Suppose 17*z + 16 = 951. What is the greatest common factor of z and 65?
5
Suppose -3*d - 816 = -6*d. Let a(g) = 4*g**2 + 26*g - 106. Let y be a(-10). Calculate the greatest common factor of d and y.
34
Suppose -20*b - 7*b - 108 = 0. Let f be (134/b)/((-1)/2). Calculate the highest common factor of f and 469.
67
Suppose -4*s + 15*s + 624 = 17*s. Calculate the highest common factor of s and 871.
13
Suppose 0 = 29*l - 33357 + 4165 - 51834. What is the highest common factor of 308 and l?
22
Suppose -488 - 1127 = 131*q - 9475. Let k = 16 + 4. What is the greatest common divisor of k and q?
20
Suppose 5845 = 9*b + 10*b - 11711. What is the greatest common divisor of 484 and b?
44
Let o = 332 - 324. Suppose 0 = -7*p + p + 12. Suppose 3*y = -z + p, 1 = -5*y - 3*z - 1. Calculate the highest common factor of y and o.
2
Suppose -86*i + 1231 = 113. Calculate the greatest common divisor of 611 and i.
13
Let t be (-500)/375 - ((-1020)/9 - 3). Calculate the highest common factor of t and 20.
5
Let a(u) = -8*u - 169. Let l be a(-22). Let f be 5 + -4 - (-5 - (1 - 2)). Suppose f*y = 3*s + 583, -s + 2 = -2. Calculate the greatest common factor of l and y.
7
Suppose 2912 = -274*b + 330*b. What is the highest common factor of b and 169?
13
Suppose 14*q - 736 = 22*q. Let z = q + 575. Calculate the greatest common divisor of z and 21.
21
Suppose 3*x - 42 = 3*m, -2*m = 2*x - x - 8. Let z be (-147)/(-2)*10/15. Suppose -5*o + 491 = -z. Calculate the greatest common divisor of o and x.
12
Suppose -3*q = -27*q + 96. Let z(y) = -4*y + 6. Let b be z(4). Let u be 6*q - 7/(35/b). Calculate the greatest common divisor of 13 and u.
13
Let m = 1796 - -218. What is the highest common divisor of m and 1166?
106
Let b be (-3 + 5)*(5 - (0 - -3)). Suppose 0 = -3*j - b*j + 1169. Let v = 299 - j. Calculate the greatest common divisor of v and 12.
12
Suppose 0 = -3*d + 8*d - 25. Let q be (4/1 - 1)/(-3 - 624/(-200)). Calculate the highest common divisor of d and q.
5
Let o(w) = -w**3 + 8*w**2 - w - 36. Let l be o(7). Suppose -j - 5*r + 5 = 0, -j + l*j - 55 = 5*r. Calculate the greatest common factor of 5 and j.
5
Let o(i) = -i**2 + i + 9. Suppose 28*y - 25*y = 9. Let z be o(y). Let s be (5 - z)/(-1) + 0 + 12. Calculate the highest common divisor of 50 and s.
10
Suppose 2 = -12*t + 1298. Let c = t + -94. Calculate the highest common factor of c and 21.
7
Let r(b) = -b**3 + 46*b**2 - 121*b + 50. Let j be r(43). Let p = j - 380. What is the greatest common divisor of p and 189?
7
Let n(l) = 2*l**2 + 2*l - 1. Suppose 2*a - 30 = -36. Let h be n(a). What is the greatest common divisor of 143 and h?
11
Suppose -4*k = u + 29, -3*u + 4*k = 38 + 33. Let a be (390/u)/((-3)/10). Let v = a + -16. What is the highest common divisor of v and 12?
12
Let r(w) = -w**3 - 12*w**2 - 24*w - 11. Let v be r(-10). Let t = v - 5. Let s be 12/2*1*6. Calculate the greatest common factor of t and s.
12
Let r = 13245 - 10790. Calculate the highest common divisor of 5 and r.
5
Let b be ((-2)/(-6))/(421/210 + -2). S